1.
-5
Calculate 7 + (-2 - -1) - (3 - 1).
4
Evaluate -29 + 26 - (0 + -2).
-1
What is -5 + 1 + (4 - (5 + -4))?
-1
What is the value of -5 + 2 - -2 - -6?
5
What is 6 + (5 - -6) + -16?
1
Evaluate -3 + -2 - ((-7 - -3) + 2).
-3
6 + (5 - (7 + 6)) + 3
1
Evaluate 0 - (-9 - (-5 - (-5 - -5))).
4
(-9 - -10) + 8 - 5
4
Evaluate (-1 - (7 + -10)) + -4.
-2
What is 0 + -6 - (7 + -5 + -17)?
9
What is the value of 5 + -5 + 7 + -13 + 0?
-6
-1 + (-6 - -3) + 2
-2
(-1 - 3) + 21 + -10 + -8
-1
Calculate (-2 + -7 - 1) + (4 - -2).
-4
What is (14 - 29) + (1 - -7)?
-7
-10 - -42 - 13 - 10
9
-1 - (-1 + -1) - 1 - -5
5
Evaluate 2 + 2 - (55 - 52).
1
0 + 0 + -2 + 9
7
Calculate -7 + 5 + -7 + 6 + 1.
-2
5 - (5 - (-6 + 11))
5
Evaluate 1 - ((-13 - -11) + 7).
-4
What is the value of 0 - (9 - 1 - 9)?
1
What is the value of 9 - (-2 + 7) - 11?
-7
-16 + 6 + 2 + 2
-6
What is the value of -1 - ((18 - 23) + (11 - 0))?
-7
Evaluate 2 + (0 + 2 - -1).
5
Evaluate 1 - -4 - (-3 + 6).
2
Evaluate 3 + (2 + -2 + 2 - 8).
-3
8 + 6 + 0 + -10 - 0
4
What is (0 - (2 - -3)) + 2 + 8?
5
What is the value of 1 + (-10 - -2 - (4 - 7))?
-4
Calculate 2 - (3 + (-5 - -8) + -11).
7
What is 2 + (14 + -1 - (78 - 71))?
8
Evaluate 1 - (1 - (6 + 0)).
6
3 + -2 + (-1 - -2)
2
2 + 1 + -5 - (2 + -3)
-1
-3 + (0 - -3) + -2 + -3
-5
3 - 0 - (12 + (6 - 13))
-2
Evaluate (-10 - -5 - -9) + -3.
1
What is 0 - (1 + 5 + -2)?
-4
-17 + 4 + 7 + (-1 - -3)
-4
-2 - (2 + (1 - -6) + -14)
3
What is -8 - -7 - (7 + -13 + -1)?
6
Evaluate (7 - 2) + 5 - 4.
6
What is (9 - 6) + (-8 - (5 + -10))?
0
-5 + 4 + 5 + 0
4
-21 + 26 + (1 - (1 - -3))
2
Evaluate 1 + 4 + (-4 - (-9 - -12)).
-2
Evaluate 11 - (8 + 5 + -6).
4
Calculate -1 + 4 - (2 - (-8 + 8)).
1
What is -3 + 4 - (3 - (-1 + 9))?
6
What is the value of 2 - 1 - 1 - (3 - 4)?
1
What is -4 + (-7 - (-12 - -7))?
-6
Evaluate 1 - (-10 - (-1 - 7)).
3
Evaluate -6 + (8 - (0 - -4)) + 7.
5
Evaluate -3 - (-1 + 0 + 3 - 7).
2
Evaluate 1 - -1 - 2 - (19 + -22).
3
Evaluate (-18 - -4) + 8 + 8.
2
What is -15 - -23 - (1 + 4)?
3
What is the value of 5 - (-1 + -3 + (3 - -6))?
0
What is -2 + 0 + (-3 - -7) - 3?
-1
What is 2 - ((-4 - -6) + -3)?
3
What is the value of -2 + 2 - (5 + -7)?
2
What is the value of (-2 - 3) + -1 + 0 - -1?
-5
Calculate 3 + -2 + 0 + -3 + -1.
-3
Calculate -9 + (0 - 3 - -8) - -5.
1
What is (2 - (7 + 6)) + 10?
-1
Evaluate 0 - 3 - 0 - (-1 + 1).
-3
(-7 - 1) + 2 - (-114 + 103)
5
-6 + -3 + 13 - 1
3
What is -2 - (-3 + -2) - 4?
-1
-3 + -5 + (6 - 3)
-5
What is -44 + 39 + (-7 - (1 + -4))?
-9
What is the value of (-6 - -8) + -1 - 0?
1
What is 9 - (-1 - -2) - 1?
7
What is -1 - 5 - 0 - (0 - 1)?
-5
-9 - ((1 - (-5 - -3)) + -7)
-5
Evaluate 1 + -2 - (3 + 0).
-4
What is the value of 9 - 5 - (5 + (-3 - 1))?
3
What is the value of (-9 - -11) + -5 + 4?
1
What is -33 + 39 - (13 - 2)?
-5
Calculate -9 - (-6 + -1 + 1).
-3
What is 16 + -20 + (6 + 1 - 1)?
2
What is (-2 - 5) + -2 + 2 + -1?
-8
Evaluate (-6 - 17 - -7 - -7) + 6.
-3
What is 4 - (-2 + (9 - 6)) - 4?
-1
Evaluate (9 - 0 - 4) + -4.
1
What is the value of 5 + -10 + -1 + 5?
-1
What is the value of 3 - (0 - (-5 + 3))?
1
Calculate (2 + -2 - 1) + 6 + -5.
0
What is the value of -9 + 5 + 14 + -17?
-7
Calculate 1 - (1 + -2 + -11 + 16).
-3
Evaluate (2 - 2) + -9 + 6.
-3
(-6 - -10) + (0 - -3 - 8)
-1
What is -2 + 10 - (21 - 10)?
-3
What is the value of 0 - (5 - (2 + 1) - 0)?
-2
Evaluate 1 + -4 + -2 + 4.
-1
What is the value of -5 + 0 + (-2 - -5)?
-2
What is the value of 0 + -3 + 6 + 1?
4
What is the value of -4 + (9 - -2) - 2?
5
What is the value of 0 + -2 + 2 + (1 - -1)?
2
Calculate 0 - (0 + -1) - (-6 - -9).
-2
Calculate -3 + (-5 - -4) - 1.
-5
What is -7 - (-7 + 6 + -8)?
2
Evaluate 141 + -151 - (0 + -16).
6
-7 - (-4 + -3 + 3)
-3
(-1 - 3) + 1 + (-7 - -14)
4
What is the value of 3 + (28 + -30 - (0 - -2))?
-1
What is 0 + 0 + -4 - (-8 - -7)?
-3
What is -14 + 6 + -14 + 14?
-8
(-5 + 8 - 7) + (-1 - -1)
-4
What is -8 + 5 + -2 + 1?
-4
What is 0 + (-4 - (-6 + -1))?
3
-11 + 6 + 2 + (-1 - -4)
0
Calculate 2 + 1 + -1 + 2 + -3.
1
Calculate 8 + -8 - (1 + (0 - 2)).
1
Evaluate 4 - (7 + -4 - -4 - 4).
1
What is the value of -3 - (-1 - (-5 + 5)) - -4?
2
Calculate -4 - (-14 + 3 + 2 - -1).
4
Evaluate (-7 - 2) + 0 - -12.
3
Evaluate -11 - (-29 - (-22 + 12)).
8
What is 14 + -24 + (-2 - -7)?
-5
Calculate -80 - -75 - (0 - -1).
-6
What is -9 + 0 - (0 - -6 - 10)?
-5
Calculate 3 - ((1 - -2) + (3 - -1)).
-4
4 + (9 + -6 - 7)
0
What is the value of -4 + (6 - 0) - 4?
-2
What is 0 + 16 - ((-9 - -19) + -3)?
9
What is the value of (12 - 19 - -1) + 5?
-1
What is the value of 3 + (1 - 4 - 0)?
0
Calculate 4 + -1 - (-5 - -7).
1
Calculate (6 - 0) + (2 + 0 - 11).
-3
-1 - (4 - -3 - 5)
-3
-3 - (2 + -8 - (4 - 5))
2
What is -1 + -3 + 5 + 6 - 12?
-5
What is 0 - 3 - -3 - 1 - -3?
2
What is the value of -3 - (-4 - (2 - 1))?
2
What is 7 + (1 + 0 - (-67 + 74))?
1
What is 1 - (-1 - -6 - (-8 - -9))?
-3
What is the value of (-5 + 1 - -4 - -6) + -7?
-1
What is (6 - 12 - -14) + -6?
2
What is (-8 - (-9 - -5)) + 7 + -4?
-1
What is the value of 1 + (1 - -2) + -5 + -3?
-4
Calculate 8 + (-18 - -7 - 1).
-4
Calculate (7 - -1 - 5) + 0.
3
What is the value of -1 + -2 + 1 + 1 + 1?
0
Calculate 5 + (7 - 10) - (-1 - 1).
4
What is the value of -2 + -5 + 0 + 4?
-3
Evaluate -3 + 0 + 3 + 0.
0
Evaluate -7 + (-8 - (-16 + 7)).
-6
Evaluate 0 - (63 - 73 - (-4 + 1)).
7
-1 - (-6 + (3 - 3))
5
Calculate 0 - (-2 + 2) - -2 - -1.
3
Calculate (0 - (8 - 6)) + 2.
0
What is the value of 50 + -61 + (5 - -1)?
-5
Calculate 53 + -57 + 5 + 0.
1
What is (1 - (-2 + 5 + -6)) + -9?
-5
Evaluate 3 + (-8 - (1 - 10)).
4
(-5 - 2) + 0 + 12 - 4
1
What is the value of -2 + (7 - 2) + 2 - 0?
5
(-9 - -11 - 14) + 4
-8
What is the value of 9 + (13 - 8 - 8) - 4?
2
Evaluate (1 - 3) + -6 + 10 + 2.
4
Calculate (1 - 6) + 5 + -1 + -2.
-3
Calculate (2 - 1) + -14 + 18.
5
What is the value of 15 + (-11 - -4) - (4 - -3)?
1
Calculate 6 - (-7 + (24 - 5)).
-6
Calculate 3 + (16 - 28) + 4 + 0.
-5
Evaluate 6 + (-8 - -7) + (-1 - -2).
6
Calculate 2 + (-4 - (-4 - -1)).
1
What is the value of -8 + (-5 + 3 - -3 - -5)?
-2
Evaluate (4 - 1 - 7) + -5 + 8.
-1
Calculate -9 - (4 - 14 - -1).
0
What is 2 + -5 + 1 - (-2 - 4)?
4
What is (26 - 20 - (4 - 0)) + -5?
-3
4 + (1 - 0) + (0 - 3)
2
What is 1 + (2 - (-6 - -4)) - 11?
-6
(-12 - (-8 + 0)) + (0 - 1)
-5
What is the value of 10 + 4 + -6 - 3?
5
What is the value of (-2 - -11 - -1) + -5?
5
Calculate -21 + 1 + 19 + -10.
-11
Evaluate 5 + (0 + -14 - -8).
-1
What is the value of (3 - (2 + -1 + 1)) + 1?
2
What is the value of -10 + (-11 - -13 - -4)?
-4
What is -1 - (-10 + 5) - 7?
-3
Calculate 8 + 1 - (50 + -47) - -2.
8
8 + (0 - 5) + -7
-4
What is 1 + (4 - (3 - 1 - 5))?
8
What is the value of 4 + (-7 + 3 - -5)?
5
What is 6 + (-5 + 5 - 1) + 1?
6
What is -3 + 0 + (6 - 8)?
-5
-4 + -4 - (-12 - 4)
8
Evaluate 7 + (1 - 4) + 4 + -7.
1
Calculate 1 - -6 - (9 - 7).
5
What is the value of 3 + (-2 - 0) - (-6 - -3)?
4
What is -2 - (-7 - -16 - 5)?
-6
What is the value of -17 + -11 + (-2 - -24)?
-6
What is -3 - (-1 + (-2 + 5 - 1))?
-4
What is (1 - (-2 + 2)) + 2?
3
Calculate 0 + 6 - (3 + 9 - 7).
1
What is (3 - 1) + (3 + -8 - -2)?
-1
Evaluate -3 + (2 - 8) - -14.
5
Calculate -1 + (-6 - -8) + 3.
4
Evaluate 3 + 11 + -9 + -13.
-8
Evaluate -2 + (2 - (1 - -3)).
-4
What is the value of -3 - (4 - 3) - (-6 - 0)?
2
Evaluate 3 - (5 + 3 - (0 - 0)).
-5
Calculate 5 + -3 + -5 - -3.
0
What is 12 + (5 - 30) - -5?
-8
What is (10 - 8) + (-1 - -4)?
5
4 + (-4 - 7) + 2
-5
-5 + 4 - (2 + 2) - -6
1
Calculate (-11 - 4) + (-9 - -6) + 10.
-8
What is 5 - (-1 + 9 - 0)?
-3
What is the value of (0 - -5) + (-144 - -149)?
10
-12 + (9 - (10 + -10))
-3
What is the value of -5 - (-8 + -3 - -4)?
2
6 - 1 - (3 + 0)
2
-1 - 4 - (-33 + 33)
-5
5 + (-2 - (5 - (0 - -4)))
2
What is (-19 + -5 - -9) + (1 - -7)?
-7
What is -6 - (0 + -18 + 1 - -8)?
3
Evaluate -8 - (-3 + (-6 - -5)).
-4
-39 + 47 - (8 - (1 + 1))
2
Evaluate 5 - ((-2 - -3) + (3 - -3)).
-2
Evaluate 0 + (2 - (-1 + -1 + 3)).
1
(-1 - -2) + (5 - (-6 - -8))
4
What is 2 + -1 - (-64 + 60)?
5
What is the value of -21 + 26 - (-1 - -3)?
3
Calculate -5 - (-2 + 2) - (2 + -5).
-2
Calculate 1 - (15 + -7) - -12.
5
4 - (0 + (6 - 0))
-2
Evaluate 7 - (3 - 0 - (3 + -3)).
4
4 + (-7 - (-5 + 0 + 2))
0
What is 16 + -18 + -2 + 4 - 3?
-3
Calculate -1 + (-2 - (-2 - -3)).
-4
-2 + 4 - (-2 + 3 + -2)
3
What is (8 - (7 - -2)